{"id":1725,"date":"2025-10-02T16:04:01","date_gmt":"2025-10-02T16:04:01","guid":{"rendered":"https:\/\/www.pellineslodge.cl\/campamento\/?post_type=product&#038;p=1725"},"modified":"2025-11-13T20:12:54","modified_gmt":"2025-11-13T20:12:54","slug":"campamento-pioneros-2026","status":"publish","type":"product","link":"https:\/\/www.pellineslodge.cl\/campamento\/producto\/campamento-pioneros-2026\/","title":{"rendered":"CAMPAMENTO PIONEROS 2026 &#8211; 3 d\u00edas \/ 2 noches"},"content":{"rendered":"<p><b>El primer paso hacia la aventura.<\/b><\/p>\n<p>Durante 3 d\u00edas y 2 noches, ni\u00f1os, ni\u00f1as y j\u00f3venes podr\u00e1n vivir la experiencia de un campamento al aire libre con juegos, exploraciones, trabajo en equipo y veladas nocturnas que despertar\u00e1n su esp\u00edritu de aventura. El programa ofrece un ambiente seguro y estimulante, donde cada momento se convierte en una oportunidad para aprender, compartir y divertirse. Es una invitaci\u00f3n perfecta para descubrir la magia de la naturaleza y la alegr\u00eda de convivir.<\/p>\n<p><b>Duraci\u00f3n:<\/b><span style=\"font-weight: 400;\"> 3 d\u00edas y 2 noches<\/span><\/p>\n<p><b>Fechas disponibles:<\/b><\/p>\n<ul>\n<li style=\"font-weight: 400;\" aria-level=\"1\"><span style=\"font-weight: 400;\">Viernes 9 al domingo 11 de enero<\/span><\/li>\n<\/ul>\n<p>&nbsp;<\/p>\n<p><b>IMPORTANTE:<\/b><strong><span style=\"color: #ff6600;\"> Hasta el 31 de noviembre, podr\u00e1s acceder a un 25% de descuento, utilizando el c\u00f3digo OCT25<\/span><\/strong><\/p>\n<p><span style=\"font-weight: 400;\">*A los participantes se les ofrecer\u00e1 la posibilidad de extender su estad\u00eda, para lo cual se deber\u00e1 cancelar un diferencial del valor equivalente a la cantidad de d\u00edas de extensi\u00f3n.<\/span><\/p>\n<h3><b>Servicios incluidos:<\/b><\/h3>\n<ul>\n<li style=\"font-weight: 400;\" aria-level=\"1\"><span style=\"font-weight: 400;\">Actividades, aventuras y desaf\u00edos al aire libre<\/span><\/li>\n<li style=\"font-weight: 400;\" aria-level=\"1\"><span style=\"font-weight: 400;\">Equipamiento de seguridad e implementos para cada actividad<\/span><\/li>\n<li style=\"font-weight: 400;\" aria-level=\"1\"><span style=\"font-weight: 400;\">Alimentaci\u00f3n completa: desayuno, almuerzo, cena y snack de frutas<\/span><\/li>\n<li style=\"font-weight: 400;\" aria-level=\"1\"><span style=\"font-weight: 400;\">Alojamiento en refugio con camas y ba\u00f1os con agua caliente<\/span><\/li>\n<li style=\"font-weight: 400;\" aria-level=\"1\"><span style=\"font-weight: 400;\">Actividades con animales de granja<\/span><\/li>\n<li style=\"font-weight: 400;\" aria-level=\"1\"><span style=\"font-weight: 400;\">Servicios de primeros auxilios por gu\u00edas certificados en WAFA\/WFR<\/span><\/li>\n<li style=\"font-weight: 400;\" aria-level=\"1\"><span style=\"font-weight: 400;\">Servicio de enfermer\u00eda 24\/7<\/span><\/li>\n<li style=\"font-weight: 400;\" aria-level=\"1\"><span style=\"font-weight: 400;\">Acompa\u00f1amiento constante: 1 facilitador por cada 5 participantes<\/span><\/li>\n<li style=\"font-weight: 400;\" aria-level=\"1\"><span style=\"font-weight: 400;\">Transporte privado desde Chill\u00e1n hasta Los Pellines (ida y vuelta)<\/span><\/li>\n<li style=\"font-weight: 400;\" aria-level=\"1\"><span style=\"font-weight: 400;\">Acompa\u00f1amiento y coordinaci\u00f3n de pasajes para quienes viajan desde Concepci\u00f3n y Santiago<\/span><\/li>\n<li style=\"font-weight: 400;\" aria-level=\"1\"><span style=\"font-weight: 400;\">Seguro complementario Metlife<\/span><\/li>\n<li style=\"font-weight: 400;\" aria-level=\"1\"><span style=\"font-weight: 400;\">Reportes diarios a trav\u00e9s de nuestra web<\/span><\/li>\n<li style=\"font-weight: 400;\" aria-level=\"1\"><span style=\"font-weight: 400;\">Internet satelital y veh\u00edculos de apoyo para casos de emergencia<\/span><\/li>\n<li style=\"font-weight: 400;\" aria-level=\"1\"><span style=\"font-weight: 400;\">Conversaci\u00f3n previa entre apoderados y nuestro equipo de formaci\u00f3n, para indagar antecedentes personales de cada participante<\/span><\/li>\n<\/ul>\n<p>&nbsp;<\/p>\n<h3><strong>Documentos de coordinaci\u00f3n:<\/strong><\/h3>\n<ol>\n<li><a href=\"https:\/\/drive.google.com\/file\/d\/1fMPDuzWK5hVhRMYC4bd7-WLZmq3oAlrI\/view\">Listado de equipo recomendado<\/a><\/li>\n<li><a href=\"https:\/\/drive.google.com\/file\/d\/1VcZB5i0XToO6SqbK-7ZgwVT8ycwczb7d\/view\">Documento de preguntas frecuentes<\/a><\/li>\n<li><a href=\"https:\/\/drive.google.com\/file\/d\/1xzSr-R78NpKF8ebUcq0yHUdW5bMCBvZa\/view?usp=sharing\">Coordinaci\u00f3n del viaje<\/a><\/li>\n<li>Contrato de servicios<\/li>\n<\/ol>\n","protected":false},"excerpt":{"rendered":"<p><b>El primer paso hacia la aventura.<\/b><\/p>\n<p>Durante 3 d\u00edas y 2 noches, ni\u00f1os, ni\u00f1as y j\u00f3venes podr\u00e1n vivir la experiencia de un campamento al aire libre con juegos, exploraciones, trabajo en equipo y veladas nocturnas que despertar\u00e1n su esp\u00edritu de aventura. El programa ofrece un ambiente seguro y estimulante, donde cada momento se convierte en una oportunidad para aprender, compartir y divertirse. Es una invitaci\u00f3n perfecta para descubrir la magia de la naturaleza y la alegr\u00eda de convivir.<\/p>\n<p><b>Duraci\u00f3n:<\/b><span style=\"font-weight: 400;\"> 3 d\u00edas y 2 noches<\/span><\/p>\n<p><b>Fechas disponibles:<\/b><\/p>\n<ul>\n<li style=\"font-weight: 400;\" aria-level=\"1\"><span style=\"font-weight: 400;\">Viernes 9 al domingo 11 de enero<\/span><\/li>\n<\/ul>\n<p>&nbsp;<\/p>\n<p><b>IMPORTANTE:<\/b><strong><span style=\"color: #ff6600;\"> Hasta el 31 de noviembre, podr\u00e1s acceder a un 25% de descuento, utilizando el c\u00f3digo OCT25<\/span><\/strong><\/p>\n<p><span style=\"font-weight: 400;\">*A los participantes se les ofrecer\u00e1 la posibilidad de extender su estad\u00eda, para lo cual se deber\u00e1 cancelar un diferencial del valor equivalente a la cantidad de d\u00edas de extensi\u00f3n.<\/span><\/p>\n<h3><b>Servicios incluidos:<\/b><\/h3>\n<ul>\n<li style=\"font-weight: 400;\" aria-level=\"1\"><span style=\"font-weight: 400;\">Actividades, aventuras y desaf\u00edos al aire libre<\/span><\/li>\n<li style=\"font-weight: 400;\" aria-level=\"1\"><span style=\"font-weight: 400;\">Equipamiento de seguridad e implementos para cada actividad<\/span><\/li>\n<li style=\"font-weight: 400;\" aria-level=\"1\"><span style=\"font-weight: 400;\">Alimentaci\u00f3n completa: desayuno, almuerzo, cena y snack de frutas<\/span><\/li>\n<li style=\"font-weight: 400;\" aria-level=\"1\"><span style=\"font-weight: 400;\">Alojamiento en refugio con camas y ba\u00f1os con agua caliente<\/span><\/li>\n<li style=\"font-weight: 400;\" aria-level=\"1\"><span style=\"font-weight: 400;\">Actividades con animales de granja<\/span><\/li>\n<li style=\"font-weight: 400;\" aria-level=\"1\"><span style=\"font-weight: 400;\">Servicios de primeros auxilios por gu\u00edas certificados en WAFA\/WFR<\/span><\/li>\n<li style=\"font-weight: 400;\" aria-level=\"1\"><span style=\"font-weight: 400;\">Servicio de enfermer\u00eda 24\/7<\/span><\/li>\n<li style=\"font-weight: 400;\" aria-level=\"1\"><span style=\"font-weight: 400;\">Acompa\u00f1amiento constante: 1 facilitador por cada 5 participantes<\/span><\/li>\n<li style=\"font-weight: 400;\" aria-level=\"1\"><span style=\"font-weight: 400;\">Transporte privado desde Chill\u00e1n hasta Los Pellines (ida y vuelta)<\/span><\/li>\n<li style=\"font-weight: 400;\" aria-level=\"1\"><span style=\"font-weight: 400;\">Acompa\u00f1amiento y coordinaci\u00f3n de pasajes para quienes viajan desde Concepci\u00f3n y Santiago<\/span><\/li>\n<li style=\"font-weight: 400;\" aria-level=\"1\"><span style=\"font-weight: 400;\">Seguro complementario Metlife<\/span><\/li>\n<li style=\"font-weight: 400;\" aria-level=\"1\"><span style=\"font-weight: 400;\">Reportes diarios a trav\u00e9s de nuestra web<\/span><\/li>\n<li style=\"font-weight: 400;\" aria-level=\"1\"><span style=\"font-weight: 400;\">Internet satelital y veh\u00edculos de apoyo para casos de emergencia<\/span><\/li>\n<li style=\"font-weight: 400;\" aria-level=\"1\"><span style=\"font-weight: 400;\">Conversaci\u00f3n previa entre apoderados y nuestro equipo de formaci\u00f3n, para indagar antecedentes personales de cada participante<\/span><\/li>\n<\/ul>\n<p>&nbsp;<\/p>\n<h3><strong>Documentos de coordinaci\u00f3n:<\/strong><\/h3>\n<ol>\n<li><a href=\"https:\/\/drive.google.com\/file\/d\/1fMPDuzWK5hVhRMYC4bd7-WLZmq3oAlrI\/view\">Listado de equipo recomendado<\/a><\/li>\n<li><a href=\"https:\/\/drive.google.com\/file\/d\/1VcZB5i0XToO6SqbK-7ZgwVT8ycwczb7d\/view\">Documento de preguntas frecuentes<\/a><\/li>\n<li><a href=\"https:\/\/drive.google.com\/file\/d\/1xzSr-R78NpKF8ebUcq0yHUdW5bMCBvZa\/view?usp=sharing\">Coordinaci\u00f3n del viaje<\/a><\/li>\n<li>Contrato de servicios<\/li>\n<\/ol>\n","protected":false},"featured_media":974,"template":"","meta":[],"product_brand":[],"product_cat":[49],"product_tag":[],"class_list":{"0":"post-1725","1":"product","2":"type-product","3":"status-publish","4":"has-post-thumbnail","6":"product_cat-campamentos-2025","8":"first","9":"instock","10":"featured","11":"shipping-taxable","12":"purchasable","13":"product-type-simple"},"_links":{"self":[{"href":"https:\/\/www.pellineslodge.cl\/campamento\/wp-json\/wp\/v2\/product\/1725","targetHints":{"allow":["GET"]}}],"collection":[{"href":"https:\/\/www.pellineslodge.cl\/campamento\/wp-json\/wp\/v2\/product"}],"about":[{"href":"https:\/\/www.pellineslodge.cl\/campamento\/wp-json\/wp\/v2\/types\/product"}],"wp:featuredmedia":[{"embeddable":true,"href":"https:\/\/www.pellineslodge.cl\/campamento\/wp-json\/wp\/v2\/media\/974"}],"wp:attachment":[{"href":"https:\/\/www.pellineslodge.cl\/campamento\/wp-json\/wp\/v2\/media?parent=1725"}],"wp:term":[{"taxonomy":"product_brand","embeddable":true,"href":"https:\/\/www.pellineslodge.cl\/campamento\/wp-json\/wp\/v2\/product_brand?post=1725"},{"taxonomy":"product_cat","embeddable":true,"href":"https:\/\/www.pellineslodge.cl\/campamento\/wp-json\/wp\/v2\/product_cat?post=1725"},{"taxonomy":"product_tag","embeddable":true,"href":"https:\/\/www.pellineslodge.cl\/campamento\/wp-json\/wp\/v2\/product_tag?post=1725"}],"curies":[{"name":"wp","href":"https:\/\/api.w.org\/{rel}","templated":true}]}}

CAMPAMENTO PIONEROS 2026 &#8211; 3 días / 2 noches

<p><b>El primer paso hacia la aventura.</b></p>
<p>Durante 3 días y 2 noches, niños, niñas y jóvenes podrán vivir la experiencia de un campamento al aire libre con juegos, exploraciones, trabajo en equipo y veladas nocturnas que despertarán su espíritu de aventura. El programa ofrece un ambiente seguro y estimulante, donde cada momento se convierte en una oportunidad para aprender, compartir y divertirse. Es una invitación perfecta para descubrir la magia de la naturaleza y la alegría de convivir.</p>
<p><b>Duración:</b><span style="font-weight: 400;"> 3 días y 2 noches</span></p>
<p><b>Fechas disponibles:</b></p>
<ul>
<li style="font-weight: 400;" aria-level="1"><span style="font-weight: 400;">Viernes 9 al domingo 11 de enero</span></li>
</ul>
<p>&nbsp;</p>
<p><b>IMPORTANTE:</b><strong><span style="color: #ff6600;"> Hasta el 31 de noviembre, podrás acceder a un 25% de descuento, utilizando el código OCT25</span></strong></p>
<p><span style="font-weight: 400;">*A los participantes se les ofrecerá la posibilidad de extender su estadía, para lo cual se deberá cancelar un diferencial del valor equivalente a la cantidad de días de extensión.</span></p>
<h3><b>Servicios incluidos:</b></h3>
<ul>
<li style="font-weight: 400;" aria-level="1"><span style="font-weight: 400;">Actividades, aventuras y desafíos al aire libre</span></li>
<li style="font-weight: 400;" aria-level="1"><span style="font-weight: 400;">Equipamiento de seguridad e implementos para cada actividad</span></li>
<li style="font-weight: 400;" aria-level="1"><span style="font-weight: 400;">Alimentación completa: desayuno, almuerzo, cena y snack de frutas</span></li>
<li style="font-weight: 400;" aria-level="1"><span style="font-weight: 400;">Alojamiento en refugio con camas y baños con agua caliente</span></li>
<li style="font-weight: 400;" aria-level="1"><span style="font-weight: 400;">Actividades con animales de granja</span></li>
<li style="font-weight: 400;" aria-level="1"><span style="font-weight: 400;">Servicios de primeros auxilios por guías certificados en WAFA/WFR</span></li>
<li style="font-weight: 400;" aria-level="1"><span style="font-weight: 400;">Servicio de enfermería 24/7</span></li>
<li style="font-weight: 400;" aria-level="1"><span style="font-weight: 400;">Acompañamiento constante: 1 facilitador por cada 5 participantes</span></li>
<li style="font-weight: 400;" aria-level="1"><span style="font-weight: 400;">Transporte privado desde Chillán hasta Los Pellines (ida y vuelta)</span></li>
<li style="font-weight: 400;" aria-level="1"><span style="font-weight: 400;">Acompañamiento y coordinación de pasajes para quienes viajan desde Concepción y Santiago</span></li>
<li style="font-weight: 400;" aria-level="1"><span style="font-weight: 400;">Seguro complementario Metlife</span></li>
<li style="font-weight: 400;" aria-level="1"><span style="font-weight: 400;">Reportes diarios a través de nuestra web</span></li>
<li style="font-weight: 400;" aria-level="1"><span style="font-weight: 400;">Internet satelital y vehículos de apoyo para casos de emergencia</span></li>
<li style="font-weight: 400;" aria-level="1"><span style="font-weight: 400;">Conversación previa entre apoderados y nuestro equipo de formación, para indagar antecedentes personales de cada participante</span></li>
</ul>
<p>&nbsp;</p>
<h3><strong>Documentos de coordinación:</strong></h3>
<ol>
<li><a href="https://drive.google.com/file/d/1fMPDuzWK5hVhRMYC4bd7-WLZmq3oAlrI/view">Listado de equipo recomendado</a></li>
<li><a href="https://drive.google.com/file/d/1VcZB5i0XToO6SqbK-7ZgwVT8ycwczb7d/view">Documento de preguntas frecuentes</a></li>
<li><a href="https://drive.google.com/file/d/1xzSr-R78NpKF8ebUcq0yHUdW5bMCBvZa/view?usp=sharing">Coordinación del viaje</a></li>
<li>Contrato de servicios</li>
</ol>
