{"id":1297,"date":"2024-08-06T14:11:33","date_gmt":"2024-08-06T14:11:33","guid":{"rendered":"https:\/\/lospellines.hotelero.pro\/campamento\/?post_type=product&#038;p=1297"},"modified":"2024-12-04T19:31:36","modified_gmt":"2024-12-04T19:31:36","slug":"campamento-full-10-dias-9-noches-2025","status":"publish","type":"product","link":"https:\/\/www.pellineslodge.cl\/campamento\/producto\/campamento-full-10-dias-9-noches-2025\/","title":{"rendered":"Campamento Full 10 d\u00edas \/ 9 noches 2025"},"content":{"rendered":"","protected":false},"excerpt":{"rendered":"<p><b>Vive una aventura completa de 10 d\u00edas y 9 noches en el Campamento Full.<\/b><span style=\"font-weight: 400;\"> Sum\u00e9rgete en una experiencia inigualable donde cada d\u00eda est\u00e1 lleno de actividades emocionantes, desaf\u00edos en la naturaleza y momentos de aprendizaje. Desde caminatas en el bosque y ciclismo, hasta noches bajo las estrellas, este campamento ofrece una oportunidad \u00fanica para desarrollar habilidades de liderazgo, gestionar emociones y fortalecer relaciones. Disfruta de talleres relacionales, din\u00e1micas grupales y conexi\u00f3n con la naturaleza en su m\u00e1xima expresi\u00f3n, creando recuerdos y habilidades que durar\u00e1n toda la vida.<\/span><span style=\"font-weight: 400;\"><br \/>\n<\/span><b>Duraci\u00f3n:<\/b><span style=\"font-weight: 400;\"> 10 d\u00edas y 9 noches<\/span><span style=\"font-weight: 400;\"><br \/>\n<\/span><b>Fecha:<\/b><span style=\"font-weight: 400;\"> viernes 3 al domingo 12 de enero 2025<\/span><span style=\"font-weight: 400;\"><br \/>\n<\/span><b>Valor:<\/b><span style=\"font-weight: 400;\"> $1.330.000.-<\/span><span style=\"font-weight: 400;\"><br \/>\n<\/span><b>Consideraciones:<\/b><\/p>\n<ul>\n<li style=\"font-weight: 400;\" aria-level=\"1\"><span style=\"font-weight: 400;\">Accede a valores preferenciales inscribi\u00e9ndote en el Club de Apellinados en nuestra web:<\/span><a href=\"http:\/\/www.lospellines.cl\/\"> <span style=\"font-weight: 400;\">www.lospellines.cl<\/span><\/a><\/li>\n<\/ul>\n<h3><b>Servicios incluidos:<\/b><\/h3>\n<ul>\n<li style=\"font-weight: 400;\" aria-level=\"1\"><span style=\"font-weight: 400;\">Todas las actividades y materiales para actividades<\/span><\/li>\n<li style=\"font-weight: 400;\" aria-level=\"1\"><span style=\"font-weight: 400;\">Equipamientos de seguridad<\/span><\/li>\n<li style=\"font-weight: 400;\" aria-level=\"1\"><span style=\"font-weight: 400;\">Servicios de primeros auxilios<\/span><\/li>\n<li style=\"font-weight: 400;\" aria-level=\"1\"><span style=\"font-weight: 400;\">Todas las comidas<\/span><\/li>\n<li style=\"font-weight: 400;\" aria-level=\"1\"><span style=\"font-weight: 400;\">Alojamiento en refugio<\/span><\/li>\n<li style=\"font-weight: 400;\" aria-level=\"1\"><span style=\"font-weight: 400;\">Animales de granja<\/span><\/li>\n<li style=\"font-weight: 400;\" aria-level=\"1\"><span style=\"font-weight: 400;\">1 facilitador cada 5 participantes<\/span><\/li>\n<li style=\"font-weight: 400;\" aria-level=\"1\"><span style=\"font-weight: 400;\">Transporte desde Chill\u00e1n<\/span><\/li>\n<li style=\"font-weight: 400;\" aria-level=\"1\"><span style=\"font-weight: 400;\">Seguro complementario Metlife<\/span><\/li>\n<li style=\"font-weight: 400;\" aria-level=\"1\"><span style=\"font-weight: 400;\">Reportes diarios de las actividades<\/span><\/li>\n<li style=\"font-weight: 400;\" aria-level=\"1\"><span style=\"font-weight: 400;\">Conversaci\u00f3n previa con psic\u00f3loga de Los Pellines<\/span><\/li>\n<\/ul>\n<p>&nbsp;<\/p>\n<p><strong>Realiza tu compra anticipada hasta el 20 de diciembre y accede a un 25% de descuento en el total de tu compra. Al hacerlo, te inscribir\u00e1s autom\u00e1ticamente en nuestro Club de Apellinados, donde podr\u00e1s disfrutar de un mundo de beneficios y descuentos. Utiliza el c\u00f3digo: CDV2025% en tu compra.<\/strong><\/p>\n","protected":false},"featured_media":1317,"template":"","meta":[],"product_brand":[],"product_cat":[49],"product_tag":[],"class_list":{"0":"post-1297","1":"product","2":"type-product","3":"status-publish","4":"has-post-thumbnail","6":"product_cat-campamentos-2025","8":"first","9":"instock","10":"featured","11":"shipping-taxable","12":"purchasable","13":"product-type-simple"},"_links":{"self":[{"href":"https:\/\/www.pellineslodge.cl\/campamento\/wp-json\/wp\/v2\/product\/1297","targetHints":{"allow":["GET"]}}],"collection":[{"href":"https:\/\/www.pellineslodge.cl\/campamento\/wp-json\/wp\/v2\/product"}],"about":[{"href":"https:\/\/www.pellineslodge.cl\/campamento\/wp-json\/wp\/v2\/types\/product"}],"wp:featuredmedia":[{"embeddable":true,"href":"https:\/\/www.pellineslodge.cl\/campamento\/wp-json\/wp\/v2\/media\/1317"}],"wp:attachment":[{"href":"https:\/\/www.pellineslodge.cl\/campamento\/wp-json\/wp\/v2\/media?parent=1297"}],"wp:term":[{"taxonomy":"product_brand","embeddable":true,"href":"https:\/\/www.pellineslodge.cl\/campamento\/wp-json\/wp\/v2\/product_brand?post=1297"},{"taxonomy":"product_cat","embeddable":true,"href":"https:\/\/www.pellineslodge.cl\/campamento\/wp-json\/wp\/v2\/product_cat?post=1297"},{"taxonomy":"product_tag","embeddable":true,"href":"https:\/\/www.pellineslodge.cl\/campamento\/wp-json\/wp\/v2\/product_tag?post=1297"}],"curies":[{"name":"wp","href":"https:\/\/api.w.org\/{rel}","templated":true}]}}